{"id":3571,"date":"2025-12-18T22:30:59","date_gmt":"2025-12-18T21:30:59","guid":{"rendered":"https:\/\/kuukcollection.com\/?post_type=product&#038;p=3571"},"modified":"2026-01-14T13:10:28","modified_gmt":"2026-01-14T12:10:28","slug":"figuier-2","status":"publish","type":"product","link":"https:\/\/kuukcollection.com\/?product=figuier-2","title":{"rendered":"Figuier"},"content":{"rendered":"","protected":false},"excerpt":{"rendered":"<p><strong>BRACELET MANCHETTE<\/strong><\/p>\n<p>Bracelet feuille de figuier d\u00e9coup\u00e9 et travaill\u00e9 \u00e0 la main<\/p>\n<p><strong>mat\u00e9riaux :<\/strong> bracelet en laiton dor\u00e9 \u00e0 l&rsquo;or fin<\/p>\n<p><strong>taille :<\/strong> ajustable<\/p>\n<p>&nbsp;<\/p>\n<p>&nbsp;<\/p>\n<p>&nbsp;<\/p>\n<p>&nbsp;<\/p>\n<p>&nbsp;<\/p>\n","protected":false},"featured_media":3574,"template":"","meta":[],"product_brand":[],"product_cat":[41,38],"product_tag":[],"class_list":{"0":"post-3571","1":"product","2":"type-product","3":"status-publish","4":"has-post-thumbnail","6":"product_cat-jane-bracelets","7":"product_cat-jane","9":"first","10":"instock","11":"shipping-taxable","12":"purchasable","13":"product-type-variable","14":"has-default-attributes"},"jetpack_sharing_enabled":true,"_links":{"self":[{"href":"https:\/\/kuukcollection.com\/index.php?rest_route=\/wp\/v2\/product\/3571","targetHints":{"allow":["GET"]}}],"collection":[{"href":"https:\/\/kuukcollection.com\/index.php?rest_route=\/wp\/v2\/product"}],"about":[{"href":"https:\/\/kuukcollection.com\/index.php?rest_route=\/wp\/v2\/types\/product"}],"wp:featuredmedia":[{"embeddable":true,"href":"https:\/\/kuukcollection.com\/index.php?rest_route=\/wp\/v2\/media\/3574"}],"wp:attachment":[{"href":"https:\/\/kuukcollection.com\/index.php?rest_route=%2Fwp%2Fv2%2Fmedia&parent=3571"}],"wp:term":[{"taxonomy":"product_brand","embeddable":true,"href":"https:\/\/kuukcollection.com\/index.php?rest_route=%2Fwp%2Fv2%2Fproduct_brand&post=3571"},{"taxonomy":"product_cat","embeddable":true,"href":"https:\/\/kuukcollection.com\/index.php?rest_route=%2Fwp%2Fv2%2Fproduct_cat&post=3571"},{"taxonomy":"product_tag","embeddable":true,"href":"https:\/\/kuukcollection.com\/index.php?rest_route=%2Fwp%2Fv2%2Fproduct_tag&post=3571"}],"curies":[{"name":"wp","href":"https:\/\/api.w.org\/{rel}","templated":true}]}}